{"id":1691,"date":"2024-09-08T08:41:15","date_gmt":"2024-09-08T08:41:15","guid":{"rendered":"https:\/\/grandbassamproject.net\/ateliers\/?page_id=1691"},"modified":"2024-09-08T09:12:58","modified_gmt":"2024-09-08T09:12:58","slug":"partenaires","status":"publish","type":"page","link":"https:\/\/grandbassamproject.net\/ateliers\/partenaires\/","title":{"rendered":"Partenaires"},"content":{"rendered":"\t\t<div data-elementor-type=\"wp-page\" data-elementor-id=\"1691\" class=\"elementor elementor-1691\" data-elementor-post-type=\"page\">\n\t\t\t\t<div class=\"elementor-element elementor-element-29dc57d4 e-con-full e-flex e-con e-parent\" data-id=\"29dc57d4\" data-element_type=\"container\" data-e-type=\"container\">\n\t\t\t\t<\/div>\n\t\t<div class=\"elementor-element elementor-element-5a83899d e-flex e-con-boxed e-con e-parent\" data-id=\"5a83899d\" data-element_type=\"container\" data-e-type=\"container\">\n\t\t\t\t\t<div class=\"e-con-inner\">\n\t\t<div class=\"elementor-element elementor-element-32674fa9 e-con-full e-flex e-con e-child\" data-id=\"32674fa9\" data-element_type=\"container\" data-e-type=\"container\">\n\t\t\t\t<\/div>\n\t\t<div class=\"elementor-element elementor-element-524c4c1 e-con-full e-flex e-con e-child\" data-id=\"524c4c1\" data-element_type=\"container\" data-e-type=\"container\">\n\t\t\t\t<div class=\"elementor-element elementor-element-08fada7 elementor-widget elementor-widget-text-editor\" data-id=\"08fada7\" data-element_type=\"widget\" data-e-type=\"widget\" data-widget_type=\"text-editor.default\">\n\t\t\t\t<div class=\"elementor-widget-container\">\n\t\t\t\t\t\t\t\t\t<p>Initiative de<\/p>\t\t\t\t\t\t\t\t<\/div>\n\t\t\t\t<\/div>\n\t\t\t\t<div class=\"elementor-element elementor-element-acbf620 elementor-widget elementor-widget-image\" data-id=\"acbf620\" data-element_type=\"widget\" data-e-type=\"widget\" data-widget_type=\"image.default\">\n\t\t\t\t<div class=\"elementor-widget-container\">\n\t\t\t\t\t\t\t\t\t\t\t\t\t\t\t<img fetchpriority=\"high\" decoding=\"async\" width=\"489\" height=\"267\" src=\"https:\/\/grandbassamproject.net\/ateliers\/wp-content\/uploads\/2024\/09\/grandbassamproject_logo.jpg\" class=\"attachment-full size-full wp-image-1696\" alt=\"grand_bassam_project_logo\" srcset=\"https:\/\/grandbassamproject.net\/ateliers\/wp-content\/uploads\/2024\/09\/grandbassamproject_logo.jpg 489w, https:\/\/grandbassamproject.net\/ateliers\/wp-content\/uploads\/2024\/09\/grandbassamproject_logo-300x164.jpg 300w\" sizes=\"(max-width: 489px) 100vw, 489px\" \/>\t\t\t\t\t\t\t\t\t\t\t\t\t\t\t<\/div>\n\t\t\t\t<\/div>\n\t\t\t\t<\/div>\n\t\t<div class=\"elementor-element elementor-element-b81c5ef e-con-full e-flex e-con e-child\" data-id=\"b81c5ef\" data-element_type=\"container\" data-e-type=\"container\">\n\t\t\t\t<div class=\"elementor-element elementor-element-33169e4 elementor-widget elementor-widget-text-editor\" data-id=\"33169e4\" data-element_type=\"widget\" data-e-type=\"widget\" data-widget_type=\"text-editor.default\">\n\t\t\t\t<div class=\"elementor-widget-container\">\n\t\t\t\t\t\t\t\t\t<p>Avec le soutien de<\/p>\t\t\t\t\t\t\t\t<\/div>\n\t\t\t\t<\/div>\n\t\t\t\t<div class=\"elementor-element elementor-element-018dbca elementor-widget elementor-widget-image\" data-id=\"018dbca\" data-element_type=\"widget\" data-e-type=\"widget\" data-widget_type=\"image.default\">\n\t\t\t\t<div class=\"elementor-widget-container\">\n\t\t\t\t\t\t\t\t\t\t\t\t\t\t\t<img decoding=\"async\" width=\"1100\" height=\"350\" src=\"https:\/\/grandbassamproject.net\/ateliers\/wp-content\/uploads\/2024\/09\/partners_01.jpg\" class=\"attachment-full size-full wp-image-1700\" alt=\"ateliers_de_grand_bassam_partenaires_2024\" srcset=\"https:\/\/grandbassamproject.net\/ateliers\/wp-content\/uploads\/2024\/09\/partners_01.jpg 1100w, https:\/\/grandbassamproject.net\/ateliers\/wp-content\/uploads\/2024\/09\/partners_01-300x95.jpg 300w, https:\/\/grandbassamproject.net\/ateliers\/wp-content\/uploads\/2024\/09\/partners_01-1024x326.jpg 1024w, https:\/\/grandbassamproject.net\/ateliers\/wp-content\/uploads\/2024\/09\/partners_01-768x244.jpg 768w\" sizes=\"(max-width: 1100px) 100vw, 1100px\" \/>\t\t\t\t\t\t\t\t\t\t\t\t\t\t\t<\/div>\n\t\t\t\t<\/div>\n\t\t\t\t<\/div>\n\t\t<div class=\"elementor-element elementor-element-673d690 e-con-full e-flex e-con e-child\" data-id=\"673d690\" data-element_type=\"container\" data-e-type=\"container\">\n\t\t\t\t<div class=\"elementor-element elementor-element-ab10f37 elementor-widget elementor-widget-text-editor\" data-id=\"ab10f37\" data-element_type=\"widget\" data-e-type=\"widget\" data-widget_type=\"text-editor.default\">\n\t\t\t\t<div class=\"elementor-widget-container\">\n\t\t\t\t\t\t\t\t\t<p>Partenaires Lab et R\u00e9sidences<\/p>\t\t\t\t\t\t\t\t<\/div>\n\t\t\t\t<\/div>\n\t\t\t\t<div class=\"elementor-element elementor-element-c986062 elementor-widget elementor-widget-image\" data-id=\"c986062\" data-element_type=\"widget\" data-e-type=\"widget\" data-widget_type=\"image.default\">\n\t\t\t\t<div class=\"elementor-widget-container\">\n\t\t\t\t\t\t\t\t\t\t\t\t\t\t\t<img decoding=\"async\" width=\"1100\" height=\"460\" src=\"https:\/\/grandbassamproject.net\/ateliers\/wp-content\/uploads\/2024\/09\/partners_02.jpg\" class=\"attachment-full size-full wp-image-1710\" alt=\"Partenaires Lab \/ R\u00e9sidences ateliers de grandbassam 2024\" srcset=\"https:\/\/grandbassamproject.net\/ateliers\/wp-content\/uploads\/2024\/09\/partners_02.jpg 1100w, https:\/\/grandbassamproject.net\/ateliers\/wp-content\/uploads\/2024\/09\/partners_02-300x125.jpg 300w, https:\/\/grandbassamproject.net\/ateliers\/wp-content\/uploads\/2024\/09\/partners_02-1024x428.jpg 1024w, https:\/\/grandbassamproject.net\/ateliers\/wp-content\/uploads\/2024\/09\/partners_02-768x321.jpg 768w\" sizes=\"(max-width: 1100px) 100vw, 1100px\" \/>\t\t\t\t\t\t\t\t\t\t\t\t\t\t\t<\/div>\n\t\t\t\t<\/div>\n\t\t\t\t<\/div>\n\t\t<div class=\"elementor-element elementor-element-97a3775 e-con-full e-flex e-con e-child\" data-id=\"97a3775\" data-element_type=\"container\" data-e-type=\"container\">\n\t\t\t\t<div class=\"elementor-element elementor-element-d4e7db7 elementor-widget elementor-widget-text-editor\" data-id=\"d4e7db7\" data-element_type=\"widget\" data-e-type=\"widget\" data-widget_type=\"text-editor.default\">\n\t\t\t\t<div class=\"elementor-widget-container\">\n\t\t\t\t\t\t\t\t\t<p>Partenaires<\/p>\t\t\t\t\t\t\t\t<\/div>\n\t\t\t\t<\/div>\n\t\t\t\t<div class=\"elementor-element elementor-element-c63137a elementor-widget elementor-widget-image\" data-id=\"c63137a\" data-element_type=\"widget\" data-e-type=\"widget\" data-widget_type=\"image.default\">\n\t\t\t\t<div class=\"elementor-widget-container\">\n\t\t\t\t\t\t\t\t\t\t\t\t\t\t\t<img loading=\"lazy\" decoding=\"async\" width=\"1100\" height=\"120\" src=\"https:\/\/grandbassamproject.net\/ateliers\/wp-content\/uploads\/2024\/09\/partners_03.jpg\" class=\"attachment-full size-full wp-image-1720\" alt=\"Partenaires_ateliers de grand bassam 2024\" srcset=\"https:\/\/grandbassamproject.net\/ateliers\/wp-content\/uploads\/2024\/09\/partners_03.jpg 1100w, https:\/\/grandbassamproject.net\/ateliers\/wp-content\/uploads\/2024\/09\/partners_03-300x33.jpg 300w, https:\/\/grandbassamproject.net\/ateliers\/wp-content\/uploads\/2024\/09\/partners_03-1024x112.jpg 1024w, https:\/\/grandbassamproject.net\/ateliers\/wp-content\/uploads\/2024\/09\/partners_03-768x84.jpg 768w\" sizes=\"(max-width: 1100px) 100vw, 1100px\" \/>\t\t\t\t\t\t\t\t\t\t\t\t\t\t\t<\/div>\n\t\t\t\t<\/div>\n\t\t\t\t<\/div>\n\t\t<div class=\"elementor-element elementor-element-3e86fb1 e-con-full e-flex e-con e-child\" data-id=\"3e86fb1\" data-element_type=\"container\" data-e-type=\"container\">\n\t\t\t\t<div class=\"elementor-element elementor-element-aa87d8a elementor-widget elementor-widget-text-editor\" data-id=\"aa87d8a\" data-element_type=\"widget\" data-e-type=\"widget\" data-widget_type=\"text-editor.default\">\n\t\t\t\t<div class=\"elementor-widget-container\">\n\t\t\t\t\t\t\t\t\t<p>Partenaires Mobilit\u00e9<\/p>\t\t\t\t\t\t\t\t<\/div>\n\t\t\t\t<\/div>\n\t\t\t\t<div class=\"elementor-element elementor-element-506bf9f elementor-widget elementor-widget-text-editor\" data-id=\"506bf9f\" data-element_type=\"widget\" data-e-type=\"widget\" data-widget_type=\"text-editor.default\">\n\t\t\t\t<div class=\"elementor-widget-container\">\n\t\t\t\t\t\t\t\t\t<p><em>Minist\u00e8re de la culture du Tchad \/ Ambassade de France \u00e0 Dakar \/ Ambassade de France en R\u00e9publique D\u00e9mocratique du Congo \/ Ambassade de France au Nig\u00e9ria<\/em><\/p>\t\t\t\t\t\t\t\t<\/div>\n\t\t\t\t<\/div>\n\t\t\t\t<\/div>\n\t\t\t\t\t<\/div>\n\t\t\t\t<\/div>\n\t\t\t\t<\/div>\n\t\t","protected":false},"excerpt":{"rendered":"<p>Initiative de Avec le soutien de Partenaires Lab et R\u00e9sidences Partenaires Partenaires Mobilit\u00e9 Minist\u00e8re de la culture du Tchad \/ Ambassade de France \u00e0 Dakar \/ Ambassade de France en R\u00e9publique D\u00e9mocratique du Congo \/ Ambassade de France au Nig\u00e9ria<\/p>\n","protected":false},"author":1,"featured_media":0,"parent":0,"menu_order":0,"comment_status":"closed","ping_status":"closed","template":"elementor_header_footer","meta":{"_acf_changed":false,"footnotes":""},"class_list":["post-1691","page","type-page","status-publish","hentry"],"acf":[],"_links":{"self":[{"href":"https:\/\/grandbassamproject.net\/ateliers\/wp-json\/wp\/v2\/pages\/1691","targetHints":{"allow":["GET"]}}],"collection":[{"href":"https:\/\/grandbassamproject.net\/ateliers\/wp-json\/wp\/v2\/pages"}],"about":[{"href":"https:\/\/grandbassamproject.net\/ateliers\/wp-json\/wp\/v2\/types\/page"}],"author":[{"embeddable":true,"href":"https:\/\/grandbassamproject.net\/ateliers\/wp-json\/wp\/v2\/users\/1"}],"replies":[{"embeddable":true,"href":"https:\/\/grandbassamproject.net\/ateliers\/wp-json\/wp\/v2\/comments?post=1691"}],"version-history":[{"count":25,"href":"https:\/\/grandbassamproject.net\/ateliers\/wp-json\/wp\/v2\/pages\/1691\/revisions"}],"predecessor-version":[{"id":1723,"href":"https:\/\/grandbassamproject.net\/ateliers\/wp-json\/wp\/v2\/pages\/1691\/revisions\/1723"}],"wp:attachment":[{"href":"https:\/\/grandbassamproject.net\/ateliers\/wp-json\/wp\/v2\/media?parent=1691"}],"curies":[{"name":"wp","href":"https:\/\/api.w.org\/{rel}","templated":true}]}}